{"id":46,"date":"2020-07-28T12:04:58","date_gmt":"2020-07-28T10:04:58","guid":{"rendered":"https:\/\/relaunch.spd-toenisvorst.de\/?page_id=46"},"modified":"2025-04-20T15:37:48","modified_gmt":"2025-04-20T13:37:48","slug":"buergermeisterkandidat","status":"publish","type":"page","link":"https:\/\/spd-toenisvorst.de\/index.php\/buergermeisterkandidat\/","title":{"rendered":"David Nowak"},"content":{"rendered":"\n<p>T\u00f6nisvorst ist ein besonderes Lebensgef\u00fchl. Hier leben und arbeiten Menschen, die sich ehrenamtlich organisieren und ihre Nachbarschaften pflegen \u2013 das macht uns aus!<\/p>\n\n\n\n<p>Bei uns leisten die Menschen wertvolle Arbeit in Brauchtums-, Kleingarten- und Sportvereinen, Wohlfahrtsverb\u00e4nden, Kirchen und Religionsgemeinschaften, in B\u00fcrger- und Nachbarschaftsinitiativen, Kulturvereinen und vielen weiteren B\u00fcndnissen.<\/p>\n\n\n\n<p>Deshalb unterst\u00fctzen wir Ehrenamtliche und Kulturschaffende. Gemeinsam mit ihnen wollen wir die Stadt T\u00f6nisvorst gestalten, statt nur zu verwalten.<\/p>\n\n\n\n<p>Denn wir wissen: Ohne dieses Engagement w\u00e4re T\u00f6nisvorst nicht so lebendig und lebenswert.<\/p>\n","protected":false},"excerpt":{"rendered":"<p>T\u00f6nisvorst ist ein besonderes Lebensgef\u00fchl. Hier leben und arbeiten Menschen, die sich ehrenamtlich organisieren und ihre Nachbarschaften pflegen \u2013 das[&#8230;]<\/p>\n","protected":false},"author":1,"featured_media":1535,"parent":0,"menu_order":0,"comment_status":"closed","ping_status":"closed","template":"","meta":{"footnotes":""},"class_list":["post-46","page","type-page","status-publish","has-post-thumbnail","hentry"],"_links":{"self":[{"href":"https:\/\/spd-toenisvorst.de\/index.php\/wp-json\/wp\/v2\/pages\/46","targetHints":{"allow":["GET"]}}],"collection":[{"href":"https:\/\/spd-toenisvorst.de\/index.php\/wp-json\/wp\/v2\/pages"}],"about":[{"href":"https:\/\/spd-toenisvorst.de\/index.php\/wp-json\/wp\/v2\/types\/page"}],"author":[{"embeddable":true,"href":"https:\/\/spd-toenisvorst.de\/index.php\/wp-json\/wp\/v2\/users\/1"}],"replies":[{"embeddable":true,"href":"https:\/\/spd-toenisvorst.de\/index.php\/wp-json\/wp\/v2\/comments?post=46"}],"version-history":[{"count":4,"href":"https:\/\/spd-toenisvorst.de\/index.php\/wp-json\/wp\/v2\/pages\/46\/revisions"}],"predecessor-version":[{"id":1556,"href":"https:\/\/spd-toenisvorst.de\/index.php\/wp-json\/wp\/v2\/pages\/46\/revisions\/1556"}],"wp:featuredmedia":[{"embeddable":true,"href":"https:\/\/spd-toenisvorst.de\/index.php\/wp-json\/wp\/v2\/media\/1535"}],"wp:attachment":[{"href":"https:\/\/spd-toenisvorst.de\/index.php\/wp-json\/wp\/v2\/media?parent=46"}],"curies":[{"name":"wp","href":"https:\/\/api.w.org\/{rel}","templated":true}]}}

<p>Tönisvorst ist ein besonderes Lebensgefühl. Hier leben und arbeiten Menschen, die sich ehrenamtlich organisieren und ihre Nachbarschaften pflegen – das macht uns aus!</p>



<p>Bei uns leisten die Menschen wertvolle Arbeit in Brauchtums-, Kleingarten- und Sportvereinen, Wohlfahrtsverbänden, Kirchen und Religionsgemeinschaften, in Bürger- und Nachbarschaftsinitiativen, Kulturvereinen und vielen weiteren Bündnissen.</p>



<p>Deshalb unterstützen wir Ehrenamtliche und Kulturschaffende. Gemeinsam mit ihnen wollen wir die Stadt Tönisvorst gestalten, statt nur zu verwalten.</p>



<p>Denn wir wissen: Ohne dieses Engagement wäre Tönisvorst nicht so lebendig und lebenswert.</p>

<p>Tönisvorst ist ein besonderes Lebensgefühl. Hier leben und arbeiten Menschen, die sich ehrenamtlich organisieren und ihre Nachbarschaften pflegen – das[&#8230;]</p>
